In base 16, what is 9f + -36?
69
In base 3, what is -1210100 + -12?
-1210112
In base 13, what is -5 + -32?
-37
In base 10, what is 925 + 5?
930
In base 15, what is 42 + 41?
83
In base 2, what is 110 - -110010110?
110011100
In base 10, what is 70 + 132?
202
In base 3, what is -10 - 2002020?
-2002100
In base 16, what is ed + 3?
f0
In base 11, what is 23 - -1a4?
217
In base 7, what is -32052 - -5?
-32044
In base 15, what is 6 - 0?
6
In base 9, what is 557 - 36?
521
In base 14, what is 5 - 208?
-203
In base 3, what is 11 + -101100?
-101012
In base 11, what is 36 - 5?
31
In base 11, what is 2 - -177?
179
In base 4, what is 1 - 21331?
-21330
In base 15, what is 5 - 2c2?
-2bc
In base 4, what is -30322021 + -11?
-30322032
In base 7, what is -11 + 661?
650
In base 13, what is 1c + b4?
103
In base 12, what is 35 + 4?
39
In base 13, what is a - -85?
92
In base 5, what is -3 + 10332?
10324
In base 8, what is 1 - 25?
-24
In base 16, what is 2 - -670?
672
In base 3, what is 120121 + 211?
121102
In base 6, what is -2 - -150?
144
In base 3, what is 111210 - 0?
111210
In base 13, what is -3 - -82?
7c
In base 9, what is -8 + 72?
63
In base 9, what is 4 - 350?
-345
In base 3, what is 122 - 11112?
-10220
In base 2, what is -111011 + 10?
-111001
In base 13, what is -b9a - 2?
-b9c
In base 9, what is -3856 + 4?
-3852
In base 7, what is 11 + 30?
41
In base 3, what is -20 - 22201?
-22221
In base 8, what is -5 - 5332?
-5337
In base 6, what is -1 + -1301?
-1302
In base 10, what is -5 - -111?
106
In base 6, what is -101051 + -5?
-101100
In base 5, what is 42 + 11?
103
In base 10, what is -1526 - 5?
-1531
In base 5, what is 3 + -32201?
-32143
In base 15, what is -4c - 1?
-4d
In base 16, what is 4 - 2b6?
-2b2
In base 12, what is -2 - 163?
-165
In base 3, what is 11 + 1210201?
1210212
In base 3, what is -11 + -121?
-202
In base 2, what is 1 - 110000?
-101111
In base 9, what is -11734 + 0?
-11734
In base 5, what is 1 - -111?
112
In base 4, what is 101 - -2332?
3033
In base 16, what is -14c2 + -4?
-14c6
In base 5, what is 200432 + 1?
200433
In base 11, what is -44 - -5?
-3a
In base 16, what is -24 - 3?
-27
In base 2, what is 0 - -10010011?
10010011
In base 14, what is 31 + 14?
45
In base 8, what is -7 + -452?
-461
In base 7, what is -4 + 524?
520
In base 6, what is 1 + 14503?
14504
In base 16, what is -41 - -1?
-40
In base 13, what is a45 + 0?
a45
In base 4, what is -112 - 1031?
-1203
In base 13, what is 151 + -b?
143
In base 8, what is -26 + 154?
126
In base 13, what is 12 + 58?
6a
In base 15, what is -a9 + -1?
-aa
In base 3, what is 111 + 10?
121
In base 15, what is c - -19?
26
In base 15, what is -5 + -40?
-45
In base 3, what is -10 + -20020?
-20100
In base 2, what is -1000001000110 + 0?
-1000001000110
In base 9, what is 5 + 331?
336
In base 7, what is -61042 - -3?
-61036
In base 4, what is 120111 + 33?
120210
In base 4, what is -201 - 1?
-202
In base 12, what is 9a1 + 5?
9a6
In base 12, what is 9 + 21?
2a
In base 3, what is 10 - 1021?
-1011
In base 9, what is -7 - -361?
353
In base 16, what is c9 - 1?
c8
In base 12, what is -13852 - -3?
-1384b
In base 4, what is 1202 + 11?
1213
In base 10, what is -917 - -3?
-914
In base 9, what is 13 + -7?
5
In base 3, what is 2012 - -12?
2101
In base 2, what is -1011 - -1101?
10
In base 11, what is 0 - -24?
24
In base 10, what is 857 + -1?
856
In base 13, what is -5 + 48?
43
In base 2, what is -1 + 1111101?
1111100
In base 12, what is -4 - -1085?
1081
In base 5, what is -1 - 4330?
-4331
In base 16, what is -3 + -1ec?
-1ef
In base 8, what is -21431 - 3?
-21434
In base 10, what is -466 + 10?
-456
In base 15, what is -13 + 1?
-12
In base 7, what is 13 + 12?
25
In base 14, what is -5 + -d9?
-100
In base 12, what is -7 + -a6?
-b1
In base 15, what is 430 + -1?
42e
In base 5, what is -3440 + -3?
-3443
In base 8, what is 565 + -3?
562
In base 11, what is -12 - -105?
a3
In base 6, what is 2105 - -3?
2112
In base 5, what is 1322 - 0?
1322
In base 11, what is 3479 - 4?
3475
In base 6, what is -25 - 1203?
-1232
In base 5, what is -3 + 40?
32
In base 8, what is -20 - -3?
-15
In base 2, what is 10111 + 0?
10111
In base 10, what is -8 - 60?
-68
In base 13, what is -b73 + -4?
-b77
In base 5, what is 13 - -12002?
12020
In base 8, what is 4 + -526?
-522
In base 10, what is -106 + 1?
-105
In base 13, what is 4 + -14cb?
-14c7
In base 3, what is -20000 + 2?
-12221
In base 14, what is -47 + 59?
12
In base 4, what is 111 + -212?
-101
In base 14, what is 8 + 8cb?
8d5
In base 6, what is 1 - -24543?
24544
In base 8, what is -531 + -4?
-535
In base 15, what is -27 + 3?
-24
In base 4, what is 320222 - 0?
320222
In base 14, what is -3 + 2c?
29
In base 12, what is 20 + 4?
24
In base 10, what is 477 - 11?
466
In base 8, what is 5 - 1301?
-1274
In base 10, what is -150 - -148?
-2
In base 15, what is -e8 + -7?
-100
In base 3, what is -1 + 20120?
20112
In base 5, what is -3 + -123434?
-123442
In base 8, what is 627 + 3?
632
In base 11, what is 15 - -363?
378
In base 4, what is -210 - 220?
-1030
In base 8, what is -4 + -146?
-152
In base 10, what is -135 + 170?
35
In base 13, what is 115 - -b3?
1c8
In base 7, what is -5 - 360?
-365
In base 7, what is -16 + 0?
-16
In base 2, what is 1 + -10101?
-10100
In base 12, what is 3 - -99?
a0
In base 3, what is -200 - 0?
-200
In base 11, what is -4 + 3a3?
39a
In base 9, what is -2 + -281?
-283
In base 14, what is -911 - -8?
-907
In base 7, what is 1 + 306?
310
In base 16, what is -3 - -3a?
37
In base 12, what is -18 - 21?
-39
In base 14, what is -3112 + -4?
-3116
In base 9, what is -2 + -84?
-86
In base 11, what is -3 + -461?
-464
In base 13, what is -1 + 133?
132
In base 13, what is 87 + 14?
9b
In base 12, what is 4 + 34?
38
In base 11, what is 66 + 5?
70
In base 5, what is -10444 - -2?
-10442
In base 16, what is -2441 - 0?
-2441
In base 14, what is -4c5 - 2?
-4c7
In base 7, what is 5 + 1241?
1246
In base 8, what is 7 - -60?
67
In base 10, what is 5 + -3149?
-3144
In base 13, what is 2c - a7?
-78
In base 3, what is 11 + 111112?
111200
In base 6, what is 0 + 212?
212
In base 6, what is 4305 - -3?
4312
In base 9, what is -2057 - -4?
-2053
In base 3, what is 12100 - -2?
12102
In base 6, what is 0 - 11?
-11
In base 16, what is 50 - -1?
51
In base 7, what is 111 - -3?
114
In base 7, what is 4051 - 6?
4042
In base 5, what is 21 + -2?
14
In base 12, what is 5 + -180?
-177
In base 13, what is -69 - 5?
-71
In base 3, what is -10 + 121212?
121202
In base 11, what is -1346a + -4?
-13473
In base 10, what is 4 - 193?
-189
In base 10, what is 110 + -21?
89
In base 5, what is 0 + 12012?
12012
In base 3, what is 12102 + 12?
12121
In base 12, what is 59 + -1?
58
In base 9, what is 1 - 768?
-767
In base 15, what is bd + -2?
bb
In base 15, what is 0 + -17?
-17
In base 7, what is -1625 - -4?
-1621
In base 15, what is 42 - 69?
-27
In base 3, what is 20 - -2211?
10001
In base 12, what is 2b0 + -76?
236
In base 9, what is -10 - 178?
-188
In base 8, what is 4 - -1463?
1467
In base 4, what is -2203300 + 11?
-2203223
In base 16, what is -17 + 109?
f2
In base 11, what is -2a + -a99?
-1018
In base 7, what is 1 - 1364?
-1363
In base 7, what is 15 - 1?
14
In base 2, what is 111111 - -100011?
1100010
In base 9, what is -116 - 7?
-124
In base 9, what is -5 + -70?
-75
In base 16, what is -f4 + -3?
-f7
In base 7, what is -6613 - -2?
-6611
In base 14, what is 3a + 11?
4b
In base 9, what is 504 + 47?
552
In base 13, what is 9568 - -2?
956a
In base 13, what is -74 + 3?
-71
In base 14, what is 1 + 24?
25
In base 2, what is 0 - 111111?
-111111
In base 15, what is 4 - -a96?
a9a
In base 15, what is a - 1?
9
In base 12, what is -208 - -4?
-204
In base 10, what is 3 + 54?
57
In base 16, what is 4 + d?
11
In base 10, what is -480 - 6?
-486
In base 11, what is -16 - 32?
-48
In base 13, what is c5 + -5?
c0
In base 2, what is -11 - 1?
-100
In base 15, what is 0 + -14bd?
-14bd
In base 6, what is 245 + -11?
234
In base 2, what is 11011001100000 - 10?
11011001011110
In base 12, what is 2769 - 0?
2769
In base 10, what is 810 + 34?
844
In base 3, what is 11 + 1010101?
1010112
In base 11, what is 1 - 2a7?
-2a6
In base 8, what is -753 - 4?
-757
In base 14, what is -3d + -4?
-43
In base 8, what is -12 - -34?
22
In base 5, what is -404 - -240?
-114
In base 15, what is 22 + -8?
19
